{"id":65,"date":"2012-09-04T20:10:34","date_gmt":"2012-09-04T18:10:34","guid":{"rendered":"http:\/\/xn--htuna-hbo-tibble-dobg.se\/?page_id=65"},"modified":"2018-02-14T18:59:50","modified_gmt":"2018-02-14T17:59:50","slug":"aske-gard","status":"publish","type":"page","link":"https:\/\/www.xn--htuna-hbo-tibble-dobg.se\/?page_id=65","title":{"rendered":"Aske"},"content":{"rendered":"<p style=\"text-align: center;\"><span style=\"color: #003300;\">Isak Gustaf Sehman, grundade&nbsp; och skapade&nbsp; Aske G\u00e5rd.<\/span><br \/>\n<span style=\"color: #003300;\"> Under \u00e5ren 1799 till 1810 byggdes Aske av folk fr\u00e5n trakten och med eget tegelbruk. Den italienska arkitekten Charles Bassi fick uppdraget att planera byggnaden i den italienska klassiska stil som vi ser idag. F\u00f6re Sehmans tid var Aske en by med fem g\u00e5rdar<\/span><\/p>\n<div id=\"attachment_1319\" style=\"width: 254px\" class=\"wp-caption aligncenter\"><a href=\"https:\/\/www.xn--htuna-hbo-tibble-dobg.se\/wp-content\/uploads\/2012\/09\/Gustaf-Sehmanwebb.jpg\"><img loading=\"lazy\" decoding=\"async\" aria-describedby=\"caption-attachment-1319\" class=\"wp-image-1319 size-medium\" src=\"https:\/\/www.xn--htuna-hbo-tibble-dobg.se\/wp-content\/uploads\/2012\/09\/Gustaf-Sehmanwebb-244x300.jpg\" alt=\"\" width=\"244\" height=\"300\" srcset=\"https:\/\/www.xn--htuna-hbo-tibble-dobg.se\/wp-content\/uploads\/2012\/09\/Gustaf-Sehmanwebb-244x300.jpg 244w, https:\/\/www.xn--htuna-hbo-tibble-dobg.se\/wp-content\/uploads\/2012\/09\/Gustaf-Sehmanwebb.jpg 336w\" sizes=\"auto, (max-width: 244px) 100vw, 244px\" \/><\/a><p id=\"caption-attachment-1319\" class=\"wp-caption-text\">Bilden f\u00f6rest\u00e4ller troligtvis&nbsp; Adolf Ludvig Sehman f\u00f6dd 1809 p\u00e5 ASKE, son till Isak Gustaf Sehman.<\/p><\/div>\n<ul>\n<li style=\"text-align: center;\"><a href=\"https:\/\/www.xn--htuna-hbo-tibble-dobg.se\/wp-content\/uploads\/2012\/09\/Adolf-Ludvig-Sehman-f\u00f6dd-1809-p\u00e5-Aske.pdf\">Adolf Ludvig Sehman f\u00f6dd 1809 p\u00e5 Aske<\/a><\/li>\n<\/ul>\n<p>&nbsp;<\/p>\n<p style=\"text-align: center;\">Efter Sehman och hans s\u00f6ner kom<span style=\"color: #000080;\"><a href=\"https:\/\/www.xn--htuna-hbo-tibble-dobg.se\/wp-content\/uploads\/2012\/09\/ASKEGREVEN_D_D_L_WENHAUPT.pdf\"> Familjen Lewenhaupt<\/a><\/span>till Aske&nbsp; genom Carl Gustaf Lewenhaupt 1872. Sonen Gustaf \u00e4rvde Aske 1908. Han blev den folkk\u00e4re &#8221;Aske-greven<\/p>\n<div id='gallery-1' class='gallery galleryid-65 gallery-columns-3 gallery-size-medium'><dl class='gallery-item'>\n\t\t\t<dt class='gallery-icon portrait'>\n\t\t\t\t<img loading=\"lazy\" decoding=\"async\" width=\"225\" height=\"300\" src=\"https:\/\/www.xn--htuna-hbo-tibble-dobg.se\/wp-content\/uploads\/2012\/09\/Gamle-greven-1-225x300.jpg\" class=\"attachment-medium size-medium\" alt=\"\" aria-describedby=\"gallery-1-5949\" srcset=\"https:\/\/www.xn--htuna-hbo-tibble-dobg.se\/wp-content\/uploads\/2012\/09\/Gamle-greven-1-225x300.jpg 225w, https:\/\/www.xn--htuna-hbo-tibble-dobg.se\/wp-content\/uploads\/2012\/09\/Gamle-greven-1-768x1024.jpg 768w\" sizes=\"auto, (max-width: 225px) 100vw, 225px\" \/>\n\t\t\t<\/dt>\n\t\t\t\t<dd class='wp-caption-text gallery-caption' id='gallery-1-5949'>\n\t\t\t\tCarl Gustaf Lewenhaupt\n\t\t\t\t<\/dd><\/dl><dl class='gallery-item'>\n\t\t\t<dt class='gallery-icon landscape'>\n\t\t\t\t<img loading=\"lazy\" decoding=\"async\" width=\"300\" height=\"195\" src=\"https:\/\/www.xn--htuna-hbo-tibble-dobg.se\/wp-content\/uploads\/2012\/09\/Aske-G\u00e5rd1-300x195.jpg\" class=\"attachment-medium size-medium\" alt=\"\" aria-describedby=\"gallery-1-1290\" srcset=\"https:\/\/www.xn--htuna-hbo-tibble-dobg.se\/wp-content\/uploads\/2012\/09\/Aske-G\u00e5rd1-300x195.jpg 300w, https:\/\/www.xn--htuna-hbo-tibble-dobg.se\/wp-content\/uploads\/2012\/09\/Aske-G\u00e5rd1.jpg 1024w\" sizes=\"auto, (max-width: 300px) 100vw, 300px\" \/>\n\t\t\t<\/dt>\n\t\t\t\t<dd class='wp-caption-text gallery-caption' id='gallery-1-1290'>\n\t\t\t\tAske G\u00e5rd\n\t\t\t\t<\/dd><\/dl><dl class='gallery-item'>\n\t\t\t<dt class='gallery-icon portrait'>\n\t\t\t\t<img loading=\"lazy\" decoding=\"async\" width=\"212\" height=\"300\" src=\"https:\/\/www.xn--htuna-hbo-tibble-dobg.se\/wp-content\/uploads\/2012\/10\/Lewenhaupt-212x300.jpg\" class=\"attachment-medium size-medium\" alt=\"\" aria-describedby=\"gallery-1-1343\" srcset=\"https:\/\/www.xn--htuna-hbo-tibble-dobg.se\/wp-content\/uploads\/2012\/10\/Lewenhaupt-212x300.jpg 212w, https:\/\/www.xn--htuna-hbo-tibble-dobg.se\/wp-content\/uploads\/2012\/10\/Lewenhaupt-724x1024.jpg 724w, https:\/\/www.xn--htuna-hbo-tibble-dobg.se\/wp-content\/uploads\/2012\/10\/Lewenhaupt.jpg 915w\" sizes=\"auto, (max-width: 212px) 100vw, 212px\" \/>\n\t\t\t<\/dt>\n\t\t\t\t<dd class='wp-caption-text gallery-caption' id='gallery-1-1343'>\n\t\t\t\tGustaf Lewenhaupt\n\t\t\t\t<\/dd><\/dl><br style=\"clear: both\" \/>\n\t\t<\/div>\n\n<table style=\"background-color: #73798c; height: 1622px;\" width=\"622\" border=\"0\">\n<tbody>\n<tr>\n<td style=\"background-color: #dcdcdc;\">\n<ul>\n<li><a title=\"Aske folk p\u00e5 1900 talet\" href=\"http:\/\/xn--htuna-hbo-tibble-dobg.se\/?page_id=1217\">Aske folk 190<\/a><a title=\"Aske folk p\u00e5 1900 talet\" href=\"http:\/\/xn--htuna-hbo-tibble-dobg.se\/?page_id=1217\">0-talet.<\/a><\/li>\n<li><a href=\"http:\/\/xn--htuna-hbo-tibble-dobg.se\/wp-content\/uploads\/2012\/09\/Publications_ITE_T129_ITE_T129.pdf\">Aske parkrestaurering 1991.<\/a><\/li>\n<li><a title=\"Aske kvarn\" href=\"http:\/\/xn--htuna-hbo-tibble-dobg.se\/?page_id=1305\">Aske kvarn<\/a><\/li>\n<li><a title=\"Aske tegelbruk\" href=\"https:\/\/www.xn--htuna-hbo-tibble-dobg.se\/?page_id=4520\">Aske Tegelbruk<\/a><\/li>\n<li><a title=\"Bilder fr\u00e5n Aske\" href=\"http:\/\/xn--htuna-hbo-tibble-dobg.se\/?page_id=1288\">Aske Vykort<\/a><\/li>\n<li>Dalby backe<\/li>\n<li><a title=\"Fiskarstugan\" href=\"https:\/\/www.xn--htuna-hbo-tibble-dobg.se\/?page_id=412\">Fiskarstugan<br \/>\n<\/a><\/li>\n<li><a title=\"Torpet Gl\u00e4djen\" href=\"https:\/\/www.xn--htuna-hbo-tibble-dobg.se\/?page_id=4293\">Gl\u00e4djen<\/a><\/li>\n<li><a title=\"Hojan\" href=\"https:\/\/www.xn--htuna-hbo-tibble-dobg.se\/?page_id=2620\">Hojan<\/a><\/li>\n<li><span style=\"color: #3366ff;\"><a title=\"Tjusta by\" href=\"https:\/\/www.xn--htuna-hbo-tibble-dobg.se\/?page_id=3957\"><span style=\"color: #3366ff;\">Tjusta<\/span><\/a><\/span><a title=\"Mattsonska stugan\" href=\"https:\/\/www.xn--htuna-hbo-tibble-dobg.se\/?page_id=2294\"><span style=\"color: #3366ff;\"> by<\/span><\/a><\/li>\n<\/ul>\n<p>&nbsp;<\/td>\n<td style=\"background-color: #dcdcdc;\">&nbsp;<\/td>\n<\/tr>\n<tr>\n<td style=\"background-color: #ffefd5;\">&nbsp;<\/td>\n<td style=\"background-color: #ffefd5;\">&nbsp;<\/td>\n<\/tr>\n<tr>\n<td style=\"background-color: #ffefd5;\">&#8221;<\/td>\n<td style=\"background-color: #ffefd5;\">&nbsp;<\/td>\n<\/tr>\n<\/tbody>\n<\/table>\n<p>&nbsp;<\/p>\n<p>&nbsp;<\/p>\n<p>&nbsp;<\/p>\n<p>&nbsp;<\/p>\n<p>&nbsp;<\/p>\n<p>&nbsp;<\/p>\n<p>&nbsp;<\/p>\n<p><a href=\"http:\/\/xn--htuna-hbo-tibble-dobg.se\/wp-content\/uploads\/2012\/09\/Kraft-Askeelev.pdf\"><br \/>\n<\/a><\/p>\n<p>&nbsp;<\/p>\n","protected":false},"excerpt":{"rendered":"<p>Isak Gustaf Sehman, grundade&nbsp; och skapade&nbsp; Aske G\u00e5rd. Under \u00e5ren 1799 till 1810 byggdes Aske av folk fr\u00e5n trakten och med eget tegelbruk. Den italienska arkitekten Charles Bassi fick uppdraget att planera byggnaden i den italienska klassiska stil som vi &hellip; <a href=\"https:\/\/www.xn--htuna-hbo-tibble-dobg.se\/?page_id=65\">Forts\u00e4tt l\u00e4sa <span class=\"meta-nav\">&rarr;<\/span><\/a><\/p>\n","protected":false},"author":1,"featured_media":6463,"parent":0,"menu_order":0,"comment_status":"closed","ping_status":"closed","template":"","meta":{"ngg_post_thumbnail":0,"footnotes":""},"class_list":["post-65","page","type-page","status-publish","has-post-thumbnail","hentry"],"_links":{"self":[{"href":"https:\/\/www.xn--htuna-hbo-tibble-dobg.se\/index.php?rest_route=\/wp\/v2\/pages\/65","targetHints":{"allow":["GET"]}}],"collection":[{"href":"https:\/\/www.xn--htuna-hbo-tibble-dobg.se\/index.php?rest_route=\/wp\/v2\/pages"}],"about":[{"href":"https:\/\/www.xn--htuna-hbo-tibble-dobg.se\/index.php?rest_route=\/wp\/v2\/types\/page"}],"author":[{"embeddable":true,"href":"https:\/\/www.xn--htuna-hbo-tibble-dobg.se\/index.php?rest_route=\/wp\/v2\/users\/1"}],"replies":[{"embeddable":true,"href":"https:\/\/www.xn--htuna-hbo-tibble-dobg.se\/index.php?rest_route=%2Fwp%2Fv2%2Fcomments&post=65"}],"version-history":[{"count":176,"href":"https:\/\/www.xn--htuna-hbo-tibble-dobg.se\/index.php?rest_route=\/wp\/v2\/pages\/65\/revisions"}],"predecessor-version":[{"id":6930,"href":"https:\/\/www.xn--htuna-hbo-tibble-dobg.se\/index.php?rest_route=\/wp\/v2\/pages\/65\/revisions\/6930"}],"wp:featuredmedia":[{"embeddable":true,"href":"https:\/\/www.xn--htuna-hbo-tibble-dobg.se\/index.php?rest_route=\/wp\/v2\/media\/6463"}],"wp:attachment":[{"href":"https:\/\/www.xn--htuna-hbo-tibble-dobg.se\/index.php?rest_route=%2Fwp%2Fv2%2Fmedia&parent=65"}],"curies":[{"name":"wp","href":"https:\/\/api.w.org\/{rel}","templated":true}]}}