{"id":500,"date":"2012-09-07T22:13:56","date_gmt":"2012-09-07T20:13:56","guid":{"rendered":"http:\/\/xn--htuna-hbo-tibble-dobg.se\/?page_id=500"},"modified":"2018-08-08T18:30:48","modified_gmt":"2018-08-08T16:30:48","slug":"lovsta-torp","status":"publish","type":"page","link":"https:\/\/www.xn--htuna-hbo-tibble-dobg.se\/?page_id=500","title":{"rendered":"L\u00f6vsta"},"content":{"rendered":"<p style=\"text-align: center;\"><span style=\"color: #000080;\">L\u00d6VSTA G\u00c5RD<\/span><\/p>\n<p style=\"text-align: justify;\"><img loading=\"lazy\" decoding=\"async\" class=\"aligncenter wp-image-1677 size-medium\" title=\"l\u00f6vsta g\u00e5rd3\" src=\"https:\/\/www.xn--htuna-hbo-tibble-dobg.se\/wp-content\/uploads\/2012\/09\/l\u00f6vsta-g\u00e5rd3-300x188.jpg\" alt=\"\" width=\"300\" height=\"188\" srcset=\"https:\/\/www.xn--htuna-hbo-tibble-dobg.se\/wp-content\/uploads\/2012\/09\/l\u00f6vsta-g\u00e5rd3-300x188.jpg 300w, https:\/\/www.xn--htuna-hbo-tibble-dobg.se\/wp-content\/uploads\/2012\/09\/l\u00f6vsta-g\u00e5rd3-1024x643.jpg 1024w, https:\/\/www.xn--htuna-hbo-tibble-dobg.se\/wp-content\/uploads\/2012\/09\/l\u00f6vsta-g\u00e5rd3.jpg 1550w\" sizes=\"auto, (max-width: 300px) 100vw, 300px\" \/>L\u00f6vsta s\u00e4teri bildades 1648 av \u00f6verste Mauritz Duwall och har fram till sekelskiftet 1900 \u00e4gts av fr\u00e4lsesl\u00e4ker. Enligt s\u00e4gnen har Gustav Vasas far, Erik Johansson \u00e4gt g\u00e5rden fram till 1513 d\u00e5 den sk\u00e4nktes till Skokloster.<\/p>\n<address><span style=\"color: #000080;\"><a href=\"http:\/\/xn--htuna-hbo-tibble-dobg.se\/wp-content\/uploads\/2012\/09\/kopianr64a.pdf\"><span style=\"color: #000080;\">Vi skriver i Upplands-Bro nr64<\/span><\/a>&nbsp;<\/span><\/address>\n<address>&nbsp;<\/address>\n<ul>\n<li>Kurhagen<\/li>\n<li>L\u00f6vs\u00e4tra<\/li>\n<li>Grindtorp<\/li>\n<li><span style=\"color: #000080;\"><a title=\"F\u00e5gels\u00e5ngen\" href=\"http:\/\/xn--htuna-hbo-tibble-dobg.se\/?page_id=1685\"><span style=\"color: #000080;\">F\u00e5gels\u00e5ngen<\/span><\/a><\/span><\/li>\n<li><span style=\"color: #000080;\"><a title=\"Bj\u00f6rnh\u00e4ll\" href=\"https:\/\/www.xn--htuna-hbo-tibble-dobg.se\/?page_id=2184\"><span style=\"color: #000080;\">Bj\u00f6rnh\u00e4ll<\/span><\/a><\/span><\/li>\n<li>Smedstorp (finns med p\u00e5 karta Bro H\u00e5bo h\u00e4radsallm. \u00e5r 1691)<\/li>\n<li><span style=\"color: #000080;\"><a title=\"Stentorp\" href=\"https:\/\/www.xn--htuna-hbo-tibble-dobg.se\/?page_id=4342\"><span style=\"color: #000080;\">Stentorp<\/span><\/a><\/span><\/li>\n<li><span style=\"color: #000080;\"><a title=\"Lugnet\/L\u00f6vsta\" href=\"https:\/\/www.xn--htuna-hbo-tibble-dobg.se\/?page_id=5171\"><span style=\"color: #000080;\">Lugnet<\/span><\/a><\/span><\/li>\n<li style=\"text-align: left;\"><span style=\"color: #000080;\"><a title=\"Skeppartorp\" href=\"http:\/\/xn--htuna-hbo-tibble-dobg.se\/?page_id=374\"><span style=\"color: #000080;\">Skeppartorp<\/span><\/a><\/span><\/li>\n<li style=\"text-align: left;\"><span style=\"color: #000080;\"><a title=\"Sillhovet\/L\u00f6vsta\" href=\"https:\/\/www.xn--htuna-hbo-tibble-dobg.se\/?page_id=5158\"><span style=\"color: #000080;\">Sillhovet&nbsp;<\/span><\/a><\/span><\/li>\n<li style=\"text-align: left;\">Sjudartorp<\/li>\n<li style=\"text-align: left;\">Sj\u00f6torp<\/li>\n<li style=\"text-align: left;\">B\u00e5stungen<\/li>\n<li>Wreettorpet ( (finns med p\u00e5 karta Bro H\u00e5bo h\u00e4radsallm. \u00e5r 1691)<\/li>\n<\/ul>\n<p>&nbsp;<\/p>\n","protected":false},"excerpt":{"rendered":"<p>L\u00d6VSTA G\u00c5RD L\u00f6vsta s\u00e4teri bildades 1648 av \u00f6verste Mauritz Duwall och har fram till sekelskiftet 1900 \u00e4gts av fr\u00e4lsesl\u00e4ker. Enligt s\u00e4gnen har Gustav Vasas far, Erik Johansson \u00e4gt g\u00e5rden fram till 1513 d\u00e5 den sk\u00e4nktes till Skokloster. Vi skriver i &hellip; <a href=\"https:\/\/www.xn--htuna-hbo-tibble-dobg.se\/?page_id=500\">Forts\u00e4tt l\u00e4sa <span class=\"meta-nav\">&rarr;<\/span><\/a><\/p>\n","protected":false},"author":1,"featured_media":0,"parent":0,"menu_order":0,"comment_status":"closed","ping_status":"closed","template":"","meta":{"ngg_post_thumbnail":0,"footnotes":""},"class_list":["post-500","page","type-page","status-publish","hentry"],"_links":{"self":[{"href":"https:\/\/www.xn--htuna-hbo-tibble-dobg.se\/index.php?rest_route=\/wp\/v2\/pages\/500","targetHints":{"allow":["GET"]}}],"collection":[{"href":"https:\/\/www.xn--htuna-hbo-tibble-dobg.se\/index.php?rest_route=\/wp\/v2\/pages"}],"about":[{"href":"https:\/\/www.xn--htuna-hbo-tibble-dobg.se\/index.php?rest_route=\/wp\/v2\/types\/page"}],"author":[{"embeddable":true,"href":"https:\/\/www.xn--htuna-hbo-tibble-dobg.se\/index.php?rest_route=\/wp\/v2\/users\/1"}],"replies":[{"embeddable":true,"href":"https:\/\/www.xn--htuna-hbo-tibble-dobg.se\/index.php?rest_route=%2Fwp%2Fv2%2Fcomments&post=500"}],"version-history":[{"count":31,"href":"https:\/\/www.xn--htuna-hbo-tibble-dobg.se\/index.php?rest_route=\/wp\/v2\/pages\/500\/revisions"}],"predecessor-version":[{"id":7821,"href":"https:\/\/www.xn--htuna-hbo-tibble-dobg.se\/index.php?rest_route=\/wp\/v2\/pages\/500\/revisions\/7821"}],"wp:attachment":[{"href":"https:\/\/www.xn--htuna-hbo-tibble-dobg.se\/index.php?rest_route=%2Fwp%2Fv2%2Fmedia&parent=500"}],"curies":[{"name":"wp","href":"https:\/\/api.w.org\/{rel}","templated":true}]}}