{"id":4412,"date":"2013-05-01T19:39:42","date_gmt":"2013-05-01T17:39:42","guid":{"rendered":"http:\/\/www.xn--htuna-hbo-tibble-dobg.se\/?page_id=4412"},"modified":"2018-02-14T18:35:35","modified_gmt":"2018-02-14T17:35:35","slug":"missionshusetbarnhem","status":"publish","type":"page","link":"https:\/\/www.xn--htuna-hbo-tibble-dobg.se\/?page_id=4412","title":{"rendered":"Missionshuset\/Barnhem"},"content":{"rendered":"<table border=\"0\">\n<tbody>\n<tr>\n<td style=\"background-color: #f5deb3;\">\n<p><div id=\"attachment_4413\" style=\"width: 310px\" class=\"wp-caption aligncenter\"><img loading=\"lazy\" decoding=\"async\" aria-describedby=\"caption-attachment-4413\" class=\"wp-image-4413 size-medium\" title=\"Missionshuset-Tjusta\" src=\"https:\/\/www.xn--htuna-hbo-tibble-dobg.se\/wp-content\/uploads\/2013\/05\/Missionshuset-Tjusta-300x253.jpg\" alt=\"\" width=\"300\" height=\"253\" srcset=\"https:\/\/www.xn--htuna-hbo-tibble-dobg.se\/wp-content\/uploads\/2013\/05\/Missionshuset-Tjusta-300x253.jpg 300w, https:\/\/www.xn--htuna-hbo-tibble-dobg.se\/wp-content\/uploads\/2013\/05\/Missionshuset-Tjusta.jpg 500w\" sizes=\"auto, (max-width: 300px) 100vw, 300px\" \/><p id=\"caption-attachment-4413\" class=\"wp-caption-text\">Missionshuset i Tjusta. Uppf\u00f6rt 1868 av Adolf Ludvig Sehman<\/p><\/div><\/td>\n<\/tr>\n<tr>\n<td style=\"background-color: #ffe4b5;\">\n<p style=\"text-align: left;\"><span style=\"color: #003300;\">Huset var t\u00e4nkt som ett barnhem, men d\u00e4r inreddes ocks\u00e5 en sal f\u00f6r samman-komster och b\u00f6nem\u00f6ten. Adolf Ludvig Sehman hade tidigare haft husandakter p\u00e5 Aske och <\/span><span style=\"color: #003300;\">med intresse fr\u00e5n kringliggande socknar bildades Tjusta missionsf\u00f6rening.<\/span><\/p>\n<p style=\"text-align: left;\"><span style=\"color: #003300;\">Kyrkoherden Sand\u00e9n fr\u00e5n Skokloster var ledare f\u00f6r missionsf\u00f6reningen.<br \/>\n<\/span><\/p>\n<p style=\"text-align: left;\"><a href=\"https:\/\/www.xn--htuna-hbo-tibble-dobg.se\/wp-content\/uploads\/2013\/05\/File0005-2.jpg\"><img loading=\"lazy\" decoding=\"async\" class=\"size-medium wp-image-4496 aligncenter\" title=\"H\u00e5tunapr\u00e4sten b\u00f6rjan 1900-tal? Foto fr\u00e5n Bert H\u00f6gberg\" src=\"https:\/\/www.xn--htuna-hbo-tibble-dobg.se\/wp-content\/uploads\/2013\/05\/File0005-2-221x300.jpg\" alt=\"\" width=\"221\" height=\"300\" srcset=\"https:\/\/www.xn--htuna-hbo-tibble-dobg.se\/wp-content\/uploads\/2013\/05\/File0005-2-221x300.jpg 221w, https:\/\/www.xn--htuna-hbo-tibble-dobg.se\/wp-content\/uploads\/2013\/05\/File0005-2-756x1024.jpg 756w, https:\/\/www.xn--htuna-hbo-tibble-dobg.se\/wp-content\/uploads\/2013\/05\/File0005-2.jpg 2027w\" sizes=\"auto, (max-width: 221px) 100vw, 221px\" \/><\/a><\/p>\n<\/td>\n<\/tr>\n<\/tbody>\n<\/table>\n<p>&nbsp;<\/p>\n","protected":false},"excerpt":{"rendered":"<p>Huset var t\u00e4nkt som ett barnhem, men d\u00e4r inreddes ocks\u00e5 en sal f\u00f6r samman-komster och b\u00f6nem\u00f6ten. Adolf Ludvig Sehman hade tidigare haft husandakter p\u00e5 Aske och med intresse fr\u00e5n kringliggande socknar bildades Tjusta missionsf\u00f6rening. Kyrkoherden Sand\u00e9n fr\u00e5n Skokloster var ledare &hellip; <a href=\"https:\/\/www.xn--htuna-hbo-tibble-dobg.se\/?page_id=4412\">Forts\u00e4tt l\u00e4sa <span class=\"meta-nav\">&rarr;<\/span><\/a><\/p>\n","protected":false},"author":1,"featured_media":0,"parent":0,"menu_order":0,"comment_status":"closed","ping_status":"closed","template":"","meta":{"ngg_post_thumbnail":0,"footnotes":""},"class_list":["post-4412","page","type-page","status-publish","hentry"],"_links":{"self":[{"href":"https:\/\/www.xn--htuna-hbo-tibble-dobg.se\/index.php?rest_route=\/wp\/v2\/pages\/4412","targetHints":{"allow":["GET"]}}],"collection":[{"href":"https:\/\/www.xn--htuna-hbo-tibble-dobg.se\/index.php?rest_route=\/wp\/v2\/pages"}],"about":[{"href":"https:\/\/www.xn--htuna-hbo-tibble-dobg.se\/index.php?rest_route=\/wp\/v2\/types\/page"}],"author":[{"embeddable":true,"href":"https:\/\/www.xn--htuna-hbo-tibble-dobg.se\/index.php?rest_route=\/wp\/v2\/users\/1"}],"replies":[{"embeddable":true,"href":"https:\/\/www.xn--htuna-hbo-tibble-dobg.se\/index.php?rest_route=%2Fwp%2Fv2%2Fcomments&post=4412"}],"version-history":[{"count":8,"href":"https:\/\/www.xn--htuna-hbo-tibble-dobg.se\/index.php?rest_route=\/wp\/v2\/pages\/4412\/revisions"}],"predecessor-version":[{"id":6928,"href":"https:\/\/www.xn--htuna-hbo-tibble-dobg.se\/index.php?rest_route=\/wp\/v2\/pages\/4412\/revisions\/6928"}],"wp:attachment":[{"href":"https:\/\/www.xn--htuna-hbo-tibble-dobg.se\/index.php?rest_route=%2Fwp%2Fv2%2Fmedia&parent=4412"}],"curies":[{"name":"wp","href":"https:\/\/api.w.org\/{rel}","templated":true}]}}