{"id":4325,"date":"2013-03-26T20:44:09","date_gmt":"2013-03-26T19:44:09","guid":{"rendered":"http:\/\/www.xn--htuna-hbo-tibble-dobg.se\/?page_id=4325"},"modified":"2015-07-18T20:50:01","modified_gmt":"2015-07-18T18:50:01","slug":"hojden","status":"publish","type":"page","link":"https:\/\/www.xn--htuna-hbo-tibble-dobg.se\/?page_id=4325","title":{"rendered":"H\u00f6jden"},"content":{"rendered":"<div id=\"attachment_5797\" style=\"width: 310px\" class=\"wp-caption aligncenter\"><img loading=\"lazy\" decoding=\"async\" aria-describedby=\"caption-attachment-5797\" class=\"wp-image-5797 size-medium\" src=\"https:\/\/www.xn--htuna-hbo-tibble-dobg.se\/wp-content\/uploads\/2013\/03\/2005-maj-juni-024-300x225.jpg\" alt=\"Torpet H\u00f6jden\" width=\"300\" height=\"225\" srcset=\"https:\/\/www.xn--htuna-hbo-tibble-dobg.se\/wp-content\/uploads\/2013\/03\/2005-maj-juni-024-300x225.jpg 300w, https:\/\/www.xn--htuna-hbo-tibble-dobg.se\/wp-content\/uploads\/2013\/03\/2005-maj-juni-024-1024x768.jpg 1024w, https:\/\/www.xn--htuna-hbo-tibble-dobg.se\/wp-content\/uploads\/2013\/03\/2005-maj-juni-024.jpg 2048w\" sizes=\"auto, (max-width: 300px) 100vw, 300px\" \/><p id=\"caption-attachment-5797\" class=\"wp-caption-text\">Torpet H\u00f6jden<\/p><\/div>\n<table border=\"0\">\n<tbody>\n<tr>\n<td style=\"background-color: #e8e2e3;\"><span style=\"color: #003300;\">Torpet n\u00e4mns vid namnet H\u00f6jden f\u00f6rsta g\u00e5ngen i f\u00f6rsamlingsboken 1907-1921, tidigare hette det J\u00e4dra torp.<\/span><\/td>\n<\/tr>\n<tr>\n<td>\n<p style=\"text-align: center;\"><a href=\"https:\/\/www.xn--htuna-hbo-tibble-dobg.se\/wp-content\/uploads\/2013\/03\/boende1.pdf\">Boende p\u00e5 H\u00f6jden<\/a><\/p>\n<p style=\"text-align: center;\">Rune Ericsson, boende p\u00e5 J\u00e4dra fr\u00e5n barndomen. D\u00f6d 2003<br \/>\nDet \u00e4r Runes mamma,\u00a0<a href=\"https:\/\/www.xn--htuna-hbo-tibble-dobg.se\/wp-content\/uploads\/2013\/03\/Stina-Eriksson.pdf\">Kristina Eriksson<\/a> som tagit ett flertal av fotografierna p\u00e5 denna hemsida.<\/p>\n<p style=\"text-align: center;\"><img loading=\"lazy\" decoding=\"async\" class=\"size-medium wp-image-4330 aligncenter\" title=\"Rune Eriksson\" src=\"https:\/\/www.xn--htuna-hbo-tibble-dobg.se\/wp-content\/uploads\/2013\/03\/Rune-Eriksson-195x300.jpg\" alt=\"\" width=\"195\" height=\"300\" srcset=\"https:\/\/www.xn--htuna-hbo-tibble-dobg.se\/wp-content\/uploads\/2013\/03\/Rune-Eriksson-195x300.jpg 195w, https:\/\/www.xn--htuna-hbo-tibble-dobg.se\/wp-content\/uploads\/2013\/03\/Rune-Eriksson-667x1024.jpg 667w, https:\/\/www.xn--htuna-hbo-tibble-dobg.se\/wp-content\/uploads\/2013\/03\/Rune-Eriksson.jpg 1818w\" sizes=\"auto, (max-width: 195px) 100vw, 195px\" \/><\/p>\n<p>&nbsp;<\/td>\n<\/tr>\n<\/tbody>\n<\/table>\n<p>&nbsp;<\/p>\n","protected":false},"excerpt":{"rendered":"<p>Torpet n\u00e4mns vid namnet H\u00f6jden f\u00f6rsta g\u00e5ngen i f\u00f6rsamlingsboken 1907-1921, tidigare hette det J\u00e4dra torp. Boende p\u00e5 H\u00f6jden Rune Ericsson, boende p\u00e5 J\u00e4dra fr\u00e5n barndomen. D\u00f6d 2003 Det \u00e4r Runes mamma,\u00a0Kristina Eriksson som tagit ett flertal av fotografierna p\u00e5 denna &hellip; <a href=\"https:\/\/www.xn--htuna-hbo-tibble-dobg.se\/?page_id=4325\">Forts\u00e4tt l\u00e4sa <span class=\"meta-nav\">&rarr;<\/span><\/a><\/p>\n","protected":false},"author":1,"featured_media":0,"parent":493,"menu_order":0,"comment_status":"closed","ping_status":"open","template":"","meta":{"ngg_post_thumbnail":0,"footnotes":""},"class_list":["post-4325","page","type-page","status-publish","hentry"],"_links":{"self":[{"href":"https:\/\/www.xn--htuna-hbo-tibble-dobg.se\/index.php?rest_route=\/wp\/v2\/pages\/4325","targetHints":{"allow":["GET"]}}],"collection":[{"href":"https:\/\/www.xn--htuna-hbo-tibble-dobg.se\/index.php?rest_route=\/wp\/v2\/pages"}],"about":[{"href":"https:\/\/www.xn--htuna-hbo-tibble-dobg.se\/index.php?rest_route=\/wp\/v2\/types\/page"}],"author":[{"embeddable":true,"href":"https:\/\/www.xn--htuna-hbo-tibble-dobg.se\/index.php?rest_route=\/wp\/v2\/users\/1"}],"replies":[{"embeddable":true,"href":"https:\/\/www.xn--htuna-hbo-tibble-dobg.se\/index.php?rest_route=%2Fwp%2Fv2%2Fcomments&post=4325"}],"version-history":[{"count":14,"href":"https:\/\/www.xn--htuna-hbo-tibble-dobg.se\/index.php?rest_route=\/wp\/v2\/pages\/4325\/revisions"}],"predecessor-version":[{"id":5798,"href":"https:\/\/www.xn--htuna-hbo-tibble-dobg.se\/index.php?rest_route=\/wp\/v2\/pages\/4325\/revisions\/5798"}],"up":[{"embeddable":true,"href":"https:\/\/www.xn--htuna-hbo-tibble-dobg.se\/index.php?rest_route=\/wp\/v2\/pages\/493"}],"wp:attachment":[{"href":"https:\/\/www.xn--htuna-hbo-tibble-dobg.se\/index.php?rest_route=%2Fwp%2Fv2%2Fmedia&parent=4325"}],"curies":[{"name":"wp","href":"https:\/\/api.w.org\/{rel}","templated":true}]}}