{"id":2620,"date":"2012-11-13T18:38:31","date_gmt":"2012-11-13T17:38:31","guid":{"rendered":"http:\/\/www.xn--htuna-hbo-tibble-dobg.se\/?page_id=2620"},"modified":"2018-08-08T19:04:40","modified_gmt":"2018-08-08T17:04:40","slug":"hojan","status":"publish","type":"page","link":"https:\/\/www.xn--htuna-hbo-tibble-dobg.se\/?page_id=2620","title":{"rendered":"Hojan"},"content":{"rendered":"<p style=\"text-align: center;\"><span style=\"color: #000080;\"><a href=\"https:\/\/www.xn--htuna-hbo-tibble-dobg.se\/wp-content\/uploads\/2012\/11\/Fam-Noren-Hojan.pdf\"><span style=\"color: #000080;\">Fam Nor\u00e9n Hojan<\/span><\/a><\/span><\/p>\n<p style=\"text-align: center;\"><span style=\"color: #000080;\"><a href=\"https:\/\/www.xn--htuna-hbo-tibble-dobg.se\/wp-content\/uploads\/2012\/11\/Kraft-Vretarna.pdf\"><span style=\"color: #000080;\">John Kraft ber\u00e4ttar om Vretarna -minnen fr\u00e5n ungdoms\u00e5ren<\/span><\/a><\/span><\/p>\n<table style=\"width: 668px; height: 874px;\" border=\"0\">\n<tbody>\n<tr>\n<td style=\"background-color: #fcecb9; border: 1px solid #800000;\"><img loading=\"lazy\" decoding=\"async\" class=\"wp-image-2621 aligncenter\" title=\"KRISTINA och JOHAN ADOLF NOR\u00c9N\" src=\"https:\/\/www.xn--htuna-hbo-tibble-dobg.se\/wp-content\/uploads\/2012\/11\/KRISTINA_O_JOHANADOLF_NOREN-1024x668.jpg\" alt=\"\" width=\"512\" height=\"334\" srcset=\"https:\/\/www.xn--htuna-hbo-tibble-dobg.se\/wp-content\/uploads\/2012\/11\/KRISTINA_O_JOHANADOLF_NOREN-1024x668.jpg 1024w, https:\/\/www.xn--htuna-hbo-tibble-dobg.se\/wp-content\/uploads\/2012\/11\/KRISTINA_O_JOHANADOLF_NOREN-300x195.jpg 300w, https:\/\/www.xn--htuna-hbo-tibble-dobg.se\/wp-content\/uploads\/2012\/11\/KRISTINA_O_JOHANADOLF_NOREN.jpg 1784w\" sizes=\"auto, (max-width: 512px) 100vw, 512px\" \/><\/p>\n<p style=\"text-align: center;\">Torpet \u00e4r idag rivet<\/p>\n<h6 style=\"text-align: left;\"><span style=\"color: #003300;\">&#8221;Hojan l\u00e5g n\u00e4ra sj\u00f6n. Det finns en grund ute p\u00e5 betesmarken. 1924 hade vi en g\u00f6kotta ute p\u00e5 Getholmen och d\u00e5 fanns Hojan kvar. Intill kraftledningen stod ett litet hus med snickerier p\u00e5 takfrisen. Det var troligtvis Hojan&#8221; K\u00e4lla: Intervju med Fritz o Rutger Mark\/UKF<br \/>\n<\/span><\/h6>\n<\/td>\n<\/tr>\n<tr>\n<td style=\"background-color: #fcecb9; text-align: left; border: 1px solid #800000;\">\n<h6>Sonen Elof Nor\u00e9n gifter sig med Astrid f\u00f6dd Johansson 1926-04-25.<br \/>\nBilder Gun Bj\u00f6rkman<\/h6>\n<p><img loading=\"lazy\" decoding=\"async\" class=\"alignleft size-medium wp-image-4285\" title=\"ASTRID_O_ELOF_NOREN_ASKE_02\" src=\"https:\/\/www.xn--htuna-hbo-tibble-dobg.se\/wp-content\/uploads\/2012\/11\/ASTRID_O_ELOF_NOREN_ASKE_02-300x204.jpg\" alt=\"\" width=\"300\" height=\"204\" srcset=\"https:\/\/www.xn--htuna-hbo-tibble-dobg.se\/wp-content\/uploads\/2012\/11\/ASTRID_O_ELOF_NOREN_ASKE_02-300x204.jpg 300w, https:\/\/www.xn--htuna-hbo-tibble-dobg.se\/wp-content\/uploads\/2012\/11\/ASTRID_O_ELOF_NOREN_ASKE_02-1024x699.jpg 1024w, https:\/\/www.xn--htuna-hbo-tibble-dobg.se\/wp-content\/uploads\/2012\/11\/ASTRID_O_ELOF_NOREN_ASKE_02.jpg 1488w\" sizes=\"auto, (max-width: 300px) 100vw, 300px\" \/><img loading=\"lazy\" decoding=\"async\" class=\"alignleft size-medium wp-image-4286\" title=\"ASTRID_O_ELOF_NOREN_ASKE_03\" src=\"https:\/\/www.xn--htuna-hbo-tibble-dobg.se\/wp-content\/uploads\/2012\/11\/ASTRID_O_ELOF_NOREN_ASKE_03-204x300.jpg\" alt=\"\" width=\"204\" height=\"300\" srcset=\"https:\/\/www.xn--htuna-hbo-tibble-dobg.se\/wp-content\/uploads\/2012\/11\/ASTRID_O_ELOF_NOREN_ASKE_03-204x300.jpg 204w, https:\/\/www.xn--htuna-hbo-tibble-dobg.se\/wp-content\/uploads\/2012\/11\/ASTRID_O_ELOF_NOREN_ASKE_03-698x1024.jpg 698w, https:\/\/www.xn--htuna-hbo-tibble-dobg.se\/wp-content\/uploads\/2012\/11\/ASTRID_O_ELOF_NOREN_ASKE_03.jpg 1020w\" sizes=\"auto, (max-width: 204px) 100vw, 204px\" \/><\/td>\n<\/tr>\n<\/tbody>\n<\/table>\n<p>&nbsp;<\/p>\n","protected":false},"excerpt":{"rendered":"<p>Fam Nor\u00e9n Hojan John Kraft ber\u00e4ttar om Vretarna -minnen fr\u00e5n ungdoms\u00e5ren Torpet \u00e4r idag rivet &#8221;Hojan l\u00e5g n\u00e4ra sj\u00f6n. Det finns en grund ute p\u00e5 betesmarken. 1924 hade vi en g\u00f6kotta ute p\u00e5 Getholmen och d\u00e5 fanns Hojan kvar. Intill &hellip; <a href=\"https:\/\/www.xn--htuna-hbo-tibble-dobg.se\/?page_id=2620\">Forts\u00e4tt l\u00e4sa <span class=\"meta-nav\">&rarr;<\/span><\/a><\/p>\n","protected":false},"author":1,"featured_media":0,"parent":0,"menu_order":0,"comment_status":"closed","ping_status":"open","template":"","meta":{"ngg_post_thumbnail":0,"footnotes":""},"class_list":["post-2620","page","type-page","status-publish","hentry"],"_links":{"self":[{"href":"https:\/\/www.xn--htuna-hbo-tibble-dobg.se\/index.php?rest_route=\/wp\/v2\/pages\/2620","targetHints":{"allow":["GET"]}}],"collection":[{"href":"https:\/\/www.xn--htuna-hbo-tibble-dobg.se\/index.php?rest_route=\/wp\/v2\/pages"}],"about":[{"href":"https:\/\/www.xn--htuna-hbo-tibble-dobg.se\/index.php?rest_route=\/wp\/v2\/types\/page"}],"author":[{"embeddable":true,"href":"https:\/\/www.xn--htuna-hbo-tibble-dobg.se\/index.php?rest_route=\/wp\/v2\/users\/1"}],"replies":[{"embeddable":true,"href":"https:\/\/www.xn--htuna-hbo-tibble-dobg.se\/index.php?rest_route=%2Fwp%2Fv2%2Fcomments&post=2620"}],"version-history":[{"count":17,"href":"https:\/\/www.xn--htuna-hbo-tibble-dobg.se\/index.php?rest_route=\/wp\/v2\/pages\/2620\/revisions"}],"predecessor-version":[{"id":7836,"href":"https:\/\/www.xn--htuna-hbo-tibble-dobg.se\/index.php?rest_route=\/wp\/v2\/pages\/2620\/revisions\/7836"}],"wp:attachment":[{"href":"https:\/\/www.xn--htuna-hbo-tibble-dobg.se\/index.php?rest_route=%2Fwp%2Fv2%2Fmedia&parent=2620"}],"curies":[{"name":"wp","href":"https:\/\/api.w.org\/{rel}","templated":true}]}}