{"id":2505,"date":"2012-11-09T19:34:34","date_gmt":"2012-11-09T18:34:34","guid":{"rendered":"http:\/\/www.xn--htuna-hbo-tibble-dobg.se\/?page_id=2505"},"modified":"2018-02-12T19:56:40","modified_gmt":"2018-02-12T18:56:40","slug":"signhildsbergs-gard","status":"publish","type":"page","link":"https:\/\/www.xn--htuna-hbo-tibble-dobg.se\/?page_id=2505","title":{"rendered":"Signhildsbergs g\u00e5rd"},"content":{"rendered":"<table border=\"0\">\n<tbody>\n<tr>\n<td style=\"text-align: center; background-color: #7b9797;\">\n<div id=\"attachment_6233\" style=\"width: 229px\" class=\"wp-caption alignright\"><img loading=\"lazy\" decoding=\"async\" aria-describedby=\"caption-attachment-6233\" class=\"size-medium wp-image-6233\" src=\"https:\/\/www.xn--htuna-hbo-tibble-dobg.se\/wp-content\/uploads\/2016\/10\/2013-01-15-14.00.02-219x300.jpg\" alt=\"\" width=\"219\" height=\"300\" srcset=\"https:\/\/www.xn--htuna-hbo-tibble-dobg.se\/wp-content\/uploads\/2016\/10\/2013-01-15-14.00.02-219x300.jpg 219w, https:\/\/www.xn--htuna-hbo-tibble-dobg.se\/wp-content\/uploads\/2016\/10\/2013-01-15-14.00.02-768x1053.jpg 768w, https:\/\/www.xn--htuna-hbo-tibble-dobg.se\/wp-content\/uploads\/2016\/10\/2013-01-15-14.00.02-747x1024.jpg 747w, https:\/\/www.xn--htuna-hbo-tibble-dobg.se\/wp-content\/uploads\/2016\/10\/2013-01-15-14.00.02.jpg 1428w\" sizes=\"auto, (max-width: 219px) 100vw, 219px\" \/><p id=\"caption-attachment-6233\" class=\"wp-caption-text\">Reinhold von Essen, signhildsberg<\/p><\/div>\n<div id=\"attachment_6239\" style=\"width: 220px\" class=\"wp-caption alignleft\"><img loading=\"lazy\" decoding=\"async\" aria-describedby=\"caption-attachment-6239\" class=\"size-medium wp-image-6239\" src=\"https:\/\/www.xn--htuna-hbo-tibble-dobg.se\/wp-content\/uploads\/2016\/10\/2013-01-15-14.01.03-210x300.jpg\" alt=\"\" width=\"210\" height=\"300\" srcset=\"https:\/\/www.xn--htuna-hbo-tibble-dobg.se\/wp-content\/uploads\/2016\/10\/2013-01-15-14.01.03-210x300.jpg 210w, https:\/\/www.xn--htuna-hbo-tibble-dobg.se\/wp-content\/uploads\/2016\/10\/2013-01-15-14.01.03-768x1095.jpg 768w, https:\/\/www.xn--htuna-hbo-tibble-dobg.se\/wp-content\/uploads\/2016\/10\/2013-01-15-14.01.03-718x1024.jpg 718w, https:\/\/www.xn--htuna-hbo-tibble-dobg.se\/wp-content\/uploads\/2016\/10\/2013-01-15-14.01.03.jpg 1620w\" sizes=\"auto, (max-width: 210px) 100vw, 210px\" \/><p id=\"caption-attachment-6239\" class=\"wp-caption-text\">Vilhelmina Anna Charlotta von Essen. Signhildsberg<\/p><\/div>\n<p>&nbsp;<\/p>\n<p>&nbsp;<\/p>\n<p>&nbsp;<\/p>\n<p style=\"text-align: left;\"><a title=\"Signhildsbergs \u00e4gare\" href=\"https:\/\/www.xn--htuna-hbo-tibble-dobg.se\/?page_id=4262\">SIGNHILDSBERGS \u00c4GARE<\/a><\/p>\n<\/td>\n<\/tr>\n<tr>\n<td style=\"text-align: left; background-color: #a68758;\"><span style=\"color: #000080;\"><a href=\"http:\/\/www.ukforsk.se\/nya\/fornsig.htm\"><span style=\"color: #000080;\">L\u00e4s om fornsigtuna och sagan om Habor och Signhild p\u00e5 UKF<\/span><\/a><\/span><span style=\"color: #000080;\"><a href=\"https:\/\/www.xn--htuna-hbo-tibble-dobg.se\/wp-content\/uploads\/2012\/11\/Signhildsbers-\u00e4gare.pdf\"><span style=\"color: #000080;\"><br \/>\n<\/span><\/a><\/span><a href=\"https:\/\/www.xn--htuna-hbo-tibble-dobg.se\/wp-content\/uploads\/2012\/11\/von-Essen.pdf\"><span style=\"color: #000080;\">Urklipp von Essen&nbsp;&nbsp;&nbsp; <\/span><\/a><span style=\"color: #000080;\"><br \/>\n<\/span><span style=\"color: #000080;\"><span style=\"color: #000080;\"><a href=\"https:\/\/www.xn--htuna-hbo-tibble-dobg.se\/wp-content\/uploads\/2012\/11\/Fornminnesf\u00f6reningen.pdf\"><span style=\"color: #000080;\">Fornminnesf\u00f6reningen p\u00e5 bes\u00f6k 1935<\/span><\/a><\/span><\/span><span style=\"color: #000080;\"><br \/>\n<\/span><span style=\"color: #003366;\"><span style=\"color: #000080;\"><a href=\"https:\/\/www.xn--htuna-hbo-tibble-dobg.se\/wp-content\/uploads\/2012\/11\/Adolf-o-Axel-Lundberg.pdf\"><span style=\"color: #000080;\">Trotj\u00e4nare p\u00e5 Signhildsberg<\/span><\/a><\/span><a href=\"https:\/\/www.xn--htuna-hbo-tibble-dobg.se\/wp-content\/uploads\/2012\/11\/M.von-Essen.pdf\"><span style=\"color: #003366;\"><br \/>\n<\/span><\/a><\/span><\/td>\n<\/tr>\n<\/tbody>\n<\/table>\n<p>&nbsp;<\/p>\n","protected":false},"excerpt":{"rendered":"<p>&nbsp; &nbsp; &nbsp; SIGNHILDSBERGS \u00c4GARE L\u00e4s om fornsigtuna och sagan om Habor och Signhild p\u00e5 UKF Urklipp von Essen&nbsp;&nbsp;&nbsp; Fornminnesf\u00f6reningen p\u00e5 bes\u00f6k 1935 Trotj\u00e4nare p\u00e5 Signhildsberg &nbsp;<\/p>\n","protected":false},"author":1,"featured_media":0,"parent":0,"menu_order":0,"comment_status":"closed","ping_status":"closed","template":"","meta":{"ngg_post_thumbnail":0,"footnotes":""},"class_list":["post-2505","page","type-page","status-publish","hentry"],"_links":{"self":[{"href":"https:\/\/www.xn--htuna-hbo-tibble-dobg.se\/index.php?rest_route=\/wp\/v2\/pages\/2505","targetHints":{"allow":["GET"]}}],"collection":[{"href":"https:\/\/www.xn--htuna-hbo-tibble-dobg.se\/index.php?rest_route=\/wp\/v2\/pages"}],"about":[{"href":"https:\/\/www.xn--htuna-hbo-tibble-dobg.se\/index.php?rest_route=\/wp\/v2\/types\/page"}],"author":[{"embeddable":true,"href":"https:\/\/www.xn--htuna-hbo-tibble-dobg.se\/index.php?rest_route=\/wp\/v2\/users\/1"}],"replies":[{"embeddable":true,"href":"https:\/\/www.xn--htuna-hbo-tibble-dobg.se\/index.php?rest_route=%2Fwp%2Fv2%2Fcomments&post=2505"}],"version-history":[{"count":34,"href":"https:\/\/www.xn--htuna-hbo-tibble-dobg.se\/index.php?rest_route=\/wp\/v2\/pages\/2505\/revisions"}],"predecessor-version":[{"id":6846,"href":"https:\/\/www.xn--htuna-hbo-tibble-dobg.se\/index.php?rest_route=\/wp\/v2\/pages\/2505\/revisions\/6846"}],"wp:attachment":[{"href":"https:\/\/www.xn--htuna-hbo-tibble-dobg.se\/index.php?rest_route=%2Fwp%2Fv2%2Fmedia&parent=2505"}],"curies":[{"name":"wp","href":"https:\/\/api.w.org\/{rel}","templated":true}]}}