{"id":2173,"date":"2012-10-22T18:14:55","date_gmt":"2012-10-22T16:14:55","guid":{"rendered":"http:\/\/www.xn--htuna-hbo-tibble-dobg.se\/?page_id=2173"},"modified":"2013-01-30T10:40:44","modified_gmt":"2013-01-30T09:40:44","slug":"svangsta","status":"publish","type":"page","link":"https:\/\/www.xn--htuna-hbo-tibble-dobg.se\/?page_id=2173","title":{"rendered":"Sv\u00e4ngsta"},"content":{"rendered":"<p><strong><br \/>\nFastighetsinventering av Pr\u00e4sten Robert Littmark 1947<\/strong><br \/>\nAreal 12 ha. Byggnaden samt stall, loge o ladug\u00e5rd uppf\u00f6rd 1916. D\u00e5 var familjen Sk\u00f6ld boende p\u00e5 Sv\u00e4ngsta<\/p>\n","protected":false},"excerpt":{"rendered":"<p>Fastighetsinventering av Pr\u00e4sten Robert Littmark 1947 Areal 12 ha. Byggnaden samt stall, loge o ladug\u00e5rd uppf\u00f6rd 1916. D\u00e5 var familjen Sk\u00f6ld boende p\u00e5 Sv\u00e4ngsta<\/p>\n","protected":false},"author":1,"featured_media":0,"parent":0,"menu_order":0,"comment_status":"closed","ping_status":"open","template":"","meta":{"ngg_post_thumbnail":0,"footnotes":""},"class_list":["post-2173","page","type-page","status-publish","hentry"],"_links":{"self":[{"href":"https:\/\/www.xn--htuna-hbo-tibble-dobg.se\/index.php?rest_route=\/wp\/v2\/pages\/2173","targetHints":{"allow":["GET"]}}],"collection":[{"href":"https:\/\/www.xn--htuna-hbo-tibble-dobg.se\/index.php?rest_route=\/wp\/v2\/pages"}],"about":[{"href":"https:\/\/www.xn--htuna-hbo-tibble-dobg.se\/index.php?rest_route=\/wp\/v2\/types\/page"}],"author":[{"embeddable":true,"href":"https:\/\/www.xn--htuna-hbo-tibble-dobg.se\/index.php?rest_route=\/wp\/v2\/users\/1"}],"replies":[{"embeddable":true,"href":"https:\/\/www.xn--htuna-hbo-tibble-dobg.se\/index.php?rest_route=%2Fwp%2Fv2%2Fcomments&post=2173"}],"version-history":[{"count":4,"href":"https:\/\/www.xn--htuna-hbo-tibble-dobg.se\/index.php?rest_route=\/wp\/v2\/pages\/2173\/revisions"}],"predecessor-version":[{"id":2175,"href":"https:\/\/www.xn--htuna-hbo-tibble-dobg.se\/index.php?rest_route=\/wp\/v2\/pages\/2173\/revisions\/2175"}],"wp:attachment":[{"href":"https:\/\/www.xn--htuna-hbo-tibble-dobg.se\/index.php?rest_route=%2Fwp%2Fv2%2Fmedia&parent=2173"}],"curies":[{"name":"wp","href":"https:\/\/api.w.org\/{rel}","templated":true}]}}