{"id":1685,"date":"2012-10-12T18:27:43","date_gmt":"2012-10-12T16:27:43","guid":{"rendered":"http:\/\/xn--htuna-hbo-tibble-dobg.se\/?page_id=1685"},"modified":"2015-07-09T16:59:09","modified_gmt":"2015-07-09T14:59:09","slug":"fagelsangen","status":"publish","type":"page","link":"https:\/\/www.xn--htuna-hbo-tibble-dobg.se\/?page_id=1685","title":{"rendered":"F\u00e5gels\u00e5ngen"},"content":{"rendered":"<p><a href=\"http:\/\/xn--htuna-hbo-tibble-dobg.se\/wp-content\/uploads\/2012\/10\/sillhovet.jpg\"><img loading=\"lazy\" decoding=\"async\" class=\"aligncenter size-medium wp-image-1686\" title=\"Gustav och Charlotta \u00d6fverberg\/ Sillhovet\/L\u00f6vsta\" src=\"http:\/\/xn--htuna-hbo-tibble-dobg.se\/wp-content\/uploads\/2012\/10\/sillhovet-211x300.jpg\" alt=\"\" width=\"211\" height=\"300\" srcset=\"https:\/\/www.xn--htuna-hbo-tibble-dobg.se\/wp-content\/uploads\/2012\/10\/sillhovet-211x300.jpg 211w, https:\/\/www.xn--htuna-hbo-tibble-dobg.se\/wp-content\/uploads\/2012\/10\/sillhovet-721x1024.jpg 721w\" sizes=\"auto, (max-width: 211px) 100vw, 211px\" \/><\/a><\/p>\n<p style=\"text-align: center;\">Gustav och Charlotta \u00d6fverberg fr\u00e5n F\u00e5gels\u00e5ngen<br \/>\nbilden \u00e4r fr\u00e5n deras tid p\u00e5 Sillhovet<\/p>\n<p style=\"text-align: center;\"><span style=\"color: #003300;\">Fastigheten uppf\u00f6rdes i timmer p\u00e5 1840-talet<\/span><\/p>\n","protected":false},"excerpt":{"rendered":"<p>Gustav och Charlotta \u00d6fverberg fr\u00e5n F\u00e5gels\u00e5ngen bilden \u00e4r fr\u00e5n deras tid p\u00e5 Sillhovet Fastigheten uppf\u00f6rdes i timmer p\u00e5 1840-talet<\/p>\n","protected":false},"author":1,"featured_media":0,"parent":0,"menu_order":0,"comment_status":"closed","ping_status":"open","template":"","meta":{"ngg_post_thumbnail":0,"footnotes":""},"class_list":["post-1685","page","type-page","status-publish","hentry"],"_links":{"self":[{"href":"https:\/\/www.xn--htuna-hbo-tibble-dobg.se\/index.php?rest_route=\/wp\/v2\/pages\/1685","targetHints":{"allow":["GET"]}}],"collection":[{"href":"https:\/\/www.xn--htuna-hbo-tibble-dobg.se\/index.php?rest_route=\/wp\/v2\/pages"}],"about":[{"href":"https:\/\/www.xn--htuna-hbo-tibble-dobg.se\/index.php?rest_route=\/wp\/v2\/types\/page"}],"author":[{"embeddable":true,"href":"https:\/\/www.xn--htuna-hbo-tibble-dobg.se\/index.php?rest_route=\/wp\/v2\/users\/1"}],"replies":[{"embeddable":true,"href":"https:\/\/www.xn--htuna-hbo-tibble-dobg.se\/index.php?rest_route=%2Fwp%2Fv2%2Fcomments&post=1685"}],"version-history":[{"count":5,"href":"https:\/\/www.xn--htuna-hbo-tibble-dobg.se\/index.php?rest_route=\/wp\/v2\/pages\/1685\/revisions"}],"predecessor-version":[{"id":5710,"href":"https:\/\/www.xn--htuna-hbo-tibble-dobg.se\/index.php?rest_route=\/wp\/v2\/pages\/1685\/revisions\/5710"}],"wp:attachment":[{"href":"https:\/\/www.xn--htuna-hbo-tibble-dobg.se\/index.php?rest_route=%2Fwp%2Fv2%2Fmedia&parent=1685"}],"curies":[{"name":"wp","href":"https:\/\/api.w.org\/{rel}","templated":true}]}}