{"id":1585,"date":"2012-10-10T15:49:27","date_gmt":"2012-10-10T13:49:27","guid":{"rendered":"http:\/\/xn--htuna-hbo-tibble-dobg.se\/?page_id=1585"},"modified":"2018-02-12T18:25:02","modified_gmt":"2018-02-12T17:25:02","slug":"hallunda","status":"publish","type":"page","link":"https:\/\/www.xn--htuna-hbo-tibble-dobg.se\/?page_id=1585","title":{"rendered":"H\u00e5llunda, tv\u00e5 g\u00e5rdar"},"content":{"rendered":"<table border=\"0\">\n<tbody>\n<tr>\n<td style=\"background-color: #c1c1a3; text-align: center;\">\n<div id=\"attachment_1670\" style=\"width: 310px\" class=\"wp-caption aligncenter\"><a href=\"https:\/\/www.xn--htuna-hbo-tibble-dobg.se\/wp-content\/uploads\/2012\/10\/STURE_0011a_NEW.jpg\"><img loading=\"lazy\" decoding=\"async\" aria-describedby=\"caption-attachment-1670\" class=\"size-medium wp-image-1670\" src=\"https:\/\/www.xn--htuna-hbo-tibble-dobg.se\/wp-content\/uploads\/2012\/10\/STURE_0011a_NEW-300x226.jpg\" alt=\"\" width=\"300\" height=\"226\" srcset=\"https:\/\/www.xn--htuna-hbo-tibble-dobg.se\/wp-content\/uploads\/2012\/10\/STURE_0011a_NEW-300x226.jpg 300w, https:\/\/www.xn--htuna-hbo-tibble-dobg.se\/wp-content\/uploads\/2012\/10\/STURE_0011a_NEW.jpg 445w\" sizes=\"auto, (max-width: 300px) 100vw, 300px\" \/><\/a><p id=\"caption-attachment-1670\" class=\"wp-caption-text\">H\u00e5llunda<\/p><\/div>\n<p><strong><span style=\"color: #333300;\"><a title=\"Soldater p\u00e5 H\u00e5llunda\" href=\"https:\/\/www.xn--htuna-hbo-tibble-dobg.se\/?page_id=3188\">Rusth\u00e5llet&nbsp; H\u00e5llunda<\/a><br \/>\n<\/span><\/strong><\/td>\n<\/tr>\n<tr>\n<td style=\"background-color: #dedecf; text-align: center;\"><strong><span style=\"color: #333300;\"><br \/>\nBost\u00e4llen under H\u00e5llunda som n\u00e4mnts genom tiderna:<\/span><\/strong><\/p>\n<p style=\"text-align: justify;\">Bj\u00f6rnberg &#8211; 1766- H\u00e5llunda \u00e4gor. Senare Helgesta (1772)<br \/>\nNybylund &#8211; 1843&nbsp; Soldattorpet<br \/>\nGranliden<br \/>\nRosenborg<\/p>\n<ul>\n<li><a href=\"http:\/\/xn--htuna-hbo-tibble-dobg.se\/wp-content\/uploads\/2012\/10\/\u00d6bergs1.pdf\">Familjen \u00d6berg p\u00e5 H\u00e5llunda<\/a><\/li>\n<li><span style=\"color: #003300;\">Artur \u00d6berg tidigare \u00e4gare av den yngre av g\u00e5rdarna, byggd 1912<\/span><\/li>\n<\/ul>\n<div id=\"attachment_6053\" style=\"width: 179px\" class=\"wp-caption aligncenter\"><a href=\"https:\/\/www.xn--htuna-hbo-tibble-dobg.se\/wp-content\/uploads\/2012\/10\/Artur-\u00d6berg-H\u00e5llunda.jpg\"><img loading=\"lazy\" decoding=\"async\" aria-describedby=\"caption-attachment-6053\" class=\"wp-image-6053 size-medium\" src=\"https:\/\/www.xn--htuna-hbo-tibble-dobg.se\/wp-content\/uploads\/2012\/10\/Artur-\u00d6berg-H\u00e5llunda-169x300.jpg\" width=\"169\" height=\"300\" srcset=\"https:\/\/www.xn--htuna-hbo-tibble-dobg.se\/wp-content\/uploads\/2012\/10\/Artur-\u00d6berg-H\u00e5llunda-169x300.jpg 169w, https:\/\/www.xn--htuna-hbo-tibble-dobg.se\/wp-content\/uploads\/2012\/10\/Artur-\u00d6berg-H\u00e5llunda.jpg 500w\" sizes=\"auto, (max-width: 169px) 100vw, 169px\" \/><\/a><p id=\"caption-attachment-6053\" class=\"wp-caption-text\">Artur \u00d6berg<\/p><\/div>\n<ul>\n<li><span style=\"color: #003300;\">Axel Teodor Ericksson p\u00e5 H\u00e5llunda, tidigare \u00e4gare av den \u00e4ldsta g\u00e5rden H\u00e5llunda 1:3 byggd p\u00e5 1750-talet. <\/span><span style=\"color: #003300;\">Han arrenderade \u00e4ven Vallby huvudg\u00e5rd fr\u00e5n 1925<\/span><\/li>\n<\/ul>\n<p><div id=\"attachment_6227\" style=\"width: 198px\" class=\"wp-caption aligncenter\"><a href=\"https:\/\/www.xn--htuna-hbo-tibble-dobg.se\/wp-content\/uploads\/2016\/10\/2013-01-15-13.57.52.jpg\"><img loading=\"lazy\" decoding=\"async\" aria-describedby=\"caption-attachment-6227\" class=\"size-medium wp-image-6227\" src=\"https:\/\/www.xn--htuna-hbo-tibble-dobg.se\/wp-content\/uploads\/2016\/10\/2013-01-15-13.57.52-188x300.jpg\" alt=\"\" width=\"188\" height=\"300\" srcset=\"https:\/\/www.xn--htuna-hbo-tibble-dobg.se\/wp-content\/uploads\/2016\/10\/2013-01-15-13.57.52-188x300.jpg 188w, https:\/\/www.xn--htuna-hbo-tibble-dobg.se\/wp-content\/uploads\/2016\/10\/2013-01-15-13.57.52-768x1223.jpg 768w, https:\/\/www.xn--htuna-hbo-tibble-dobg.se\/wp-content\/uploads\/2016\/10\/2013-01-15-13.57.52-643x1024.jpg 643w, https:\/\/www.xn--htuna-hbo-tibble-dobg.se\/wp-content\/uploads\/2016\/10\/2013-01-15-13.57.52.jpg 1277w\" sizes=\"auto, (max-width: 188px) 100vw, 188px\" \/><\/a><p id=\"caption-attachment-6227\" class=\"wp-caption-text\">Axel Theodor Ericksson, H\u00e5llunda<\/p><\/div><\/td>\n<\/tr>\n<tr>\n<td style=\"text-align: center;\">&nbsp;<\/td>\n<\/tr>\n<\/tbody>\n<\/table>\n<p style=\"text-align: center;\">&nbsp;<\/p>\n","protected":false},"excerpt":{"rendered":"<p>Rusth\u00e5llet&nbsp; H\u00e5llunda Bost\u00e4llen under H\u00e5llunda som n\u00e4mnts genom tiderna: Bj\u00f6rnberg &#8211; 1766- H\u00e5llunda \u00e4gor. Senare Helgesta (1772) Nybylund &#8211; 1843&nbsp; Soldattorpet Granliden Rosenborg Familjen \u00d6berg p\u00e5 H\u00e5llunda Artur \u00d6berg tidigare \u00e4gare av den yngre av g\u00e5rdarna, byggd 1912 Axel Teodor &hellip; <a href=\"https:\/\/www.xn--htuna-hbo-tibble-dobg.se\/?page_id=1585\">Forts\u00e4tt l\u00e4sa <span class=\"meta-nav\">&rarr;<\/span><\/a><\/p>\n","protected":false},"author":1,"featured_media":0,"parent":0,"menu_order":0,"comment_status":"closed","ping_status":"closed","template":"","meta":{"ngg_post_thumbnail":0,"footnotes":""},"class_list":["post-1585","page","type-page","status-publish","hentry"],"_links":{"self":[{"href":"https:\/\/www.xn--htuna-hbo-tibble-dobg.se\/index.php?rest_route=\/wp\/v2\/pages\/1585","targetHints":{"allow":["GET"]}}],"collection":[{"href":"https:\/\/www.xn--htuna-hbo-tibble-dobg.se\/index.php?rest_route=\/wp\/v2\/pages"}],"about":[{"href":"https:\/\/www.xn--htuna-hbo-tibble-dobg.se\/index.php?rest_route=\/wp\/v2\/types\/page"}],"author":[{"embeddable":true,"href":"https:\/\/www.xn--htuna-hbo-tibble-dobg.se\/index.php?rest_route=\/wp\/v2\/users\/1"}],"replies":[{"embeddable":true,"href":"https:\/\/www.xn--htuna-hbo-tibble-dobg.se\/index.php?rest_route=%2Fwp%2Fv2%2Fcomments&post=1585"}],"version-history":[{"count":40,"href":"https:\/\/www.xn--htuna-hbo-tibble-dobg.se\/index.php?rest_route=\/wp\/v2\/pages\/1585\/revisions"}],"predecessor-version":[{"id":6818,"href":"https:\/\/www.xn--htuna-hbo-tibble-dobg.se\/index.php?rest_route=\/wp\/v2\/pages\/1585\/revisions\/6818"}],"wp:attachment":[{"href":"https:\/\/www.xn--htuna-hbo-tibble-dobg.se\/index.php?rest_route=%2Fwp%2Fv2%2Fmedia&parent=1585"}],"curies":[{"name":"wp","href":"https:\/\/api.w.org\/{rel}","templated":true}]}}